{"id":5,"date":"2016-04-27T00:01:05","date_gmt":"2016-04-27T00:01:05","guid":{"rendered":"http:\/\/www.thianaisoppo.com.br\/site\/?page_id=5"},"modified":"2022-01-25T20:28:04","modified_gmt":"2022-01-25T20:28:04","slug":"perfil","status":"publish","type":"page","link":"https:\/\/www.thianaisoppo.com.br\/site\/perfil\/","title":{"rendered":"Perfil"},"content":{"rendered":"<p><a href=\"https:\/\/i0.wp.com\/www.thianaisoppo.com.br\/site\/wp-content\/uploads\/2022\/01\/Thiana-Isoppo-1.jpg\"><img decoding=\"async\" loading=\"lazy\" class=\"margin: 0 10px 20px 0; alignleft wp-image-1060\" src=\"https:\/\/i0.wp.com\/www.thianaisoppo.com.br\/site\/wp-content\/uploads\/2022\/01\/Thiana-Isoppo-1-e1643142325585-701x1024.jpg?resize=274%2C400\" alt=\"\" width=\"274\" height=\"400\" srcset=\"https:\/\/i0.wp.com\/www.thianaisoppo.com.br\/site\/wp-content\/uploads\/2022\/01\/Thiana-Isoppo-1-e1643142325585.jpg?resize=701%2C1024&amp;ssl=1 701w, https:\/\/i0.wp.com\/www.thianaisoppo.com.br\/site\/wp-content\/uploads\/2022\/01\/Thiana-Isoppo-1-e1643142325585.jpg?resize=205%2C300&amp;ssl=1 205w, https:\/\/i0.wp.com\/www.thianaisoppo.com.br\/site\/wp-content\/uploads\/2022\/01\/Thiana-Isoppo-1-e1643142325585.jpg?resize=768%2C1122&amp;ssl=1 768w, https:\/\/i0.wp.com\/www.thianaisoppo.com.br\/site\/wp-content\/uploads\/2022\/01\/Thiana-Isoppo-1-e1643142325585.jpg?w=1280&amp;ssl=1 1280w, https:\/\/i0.wp.com\/www.thianaisoppo.com.br\/site\/wp-content\/uploads\/2022\/01\/Thiana-Isoppo-1-e1643142325585.jpg?w=1920&amp;ssl=1 1920w\" sizes=\"(max-width: 274px) 100vw, 274px\" data-recalc-dims=\"1\" \/><\/a><\/p>\n<p>Thiana Tubbs Isoppo \u00e9 Arquiteta formada no ano de 2000 pela Universidade Federal do Rio Grande do Sul.<\/p>\n<p>Atua fortemente no mercado de Arquitetura, projetando resid\u00eancias em condom\u00ednios, edif\u00edcios, lojas, bares, restaurantes, etc. J\u00e1 na \u00e1rea de Interiores, \u00e9 muito procurada para fazer projetos novos e revitalizar espa\u00e7os existentes.<\/p>\n<p>Uma profissional que procura inovar e dar seu toque pessoal em cada novo projeto.<br \/>\nThiana vai muito al\u00e9m da est\u00e9tica, criando sempre solu\u00e7\u00f5es pr\u00e1ticas, funcionais e confort\u00e1veis.<\/p>\n<p>Sempre atenta \u00e0s \u00faltimas tend\u00eancias de Arquitetura e Interiores, seu estilo contempor\u00e2neo busca o uso de linhas retas e volumes geom\u00e9tricos nas constru\u00e7\u00f5es. J\u00e1 nos Projetos de Interiores, cria detalhes que valorizam os espa\u00e7os, sempre deixando ambientes confort\u00e1veis e aconchegantes.<\/p>\n<p>Apesar de ter estilo pr\u00f3prio, procura adequar cada projeto ao estilo e personalidade do cliente, atendendo suas necessidades e superando suas expectativas.<\/p>\n","protected":false},"excerpt":{"rendered":"<p>Thiana Tubbs Isoppo \u00e9 Arquiteta formada no ano de 2000 pela Universidade Federal do Rio Grande do Sul. Atua fortemente no mercado de Arquitetura, projetando resid\u00eancias em condom\u00ednios, edif\u00edcios, lojas, bares, restaurantes, etc. J\u00e1 na \u00e1rea de Interiores, \u00e9 muito procurada para fazer projetos novos e revitalizar espa\u00e7os existentes. Uma profissional que procura inovar e [&hellip;]<\/p>\n","protected":false},"author":1,"featured_media":0,"parent":0,"menu_order":1,"comment_status":"closed","ping_status":"closed","template":"","meta":[],"_links":{"self":[{"href":"https:\/\/www.thianaisoppo.com.br\/site\/wp-json\/wp\/v2\/pages\/5"}],"collection":[{"href":"https:\/\/www.thianaisoppo.com.br\/site\/wp-json\/wp\/v2\/pages"}],"about":[{"href":"https:\/\/www.thianaisoppo.com.br\/site\/wp-json\/wp\/v2\/types\/page"}],"author":[{"embeddable":true,"href":"https:\/\/www.thianaisoppo.com.br\/site\/wp-json\/wp\/v2\/users\/1"}],"replies":[{"embeddable":true,"href":"https:\/\/www.thianaisoppo.com.br\/site\/wp-json\/wp\/v2\/comments?post=5"}],"version-history":[{"count":22,"href":"https:\/\/www.thianaisoppo.com.br\/site\/wp-json\/wp\/v2\/pages\/5\/revisions"}],"predecessor-version":[{"id":1063,"href":"https:\/\/www.thianaisoppo.com.br\/site\/wp-json\/wp\/v2\/pages\/5\/revisions\/1063"}],"wp:attachment":[{"href":"https:\/\/www.thianaisoppo.com.br\/site\/wp-json\/wp\/v2\/media?parent=5"}],"curies":[{"name":"wp","href":"https:\/\/api.w.org\/{rel}","templated":true}]}}